er?
False
Is 39629 prime?
False
Is 5561 a composite number?
True
Is 9469 a prime number?
False
Is 15661 a composite number?
False
Is 83761 a prime number?
True
Is 402221 composite?
False
Is 458155 prime?
False
Is 19441 a composite number?
False
Is 33149 prime?
True
Is 92203 composite?
False
Is 96377 prime?
True
Is 33547 a composite number?
False
Is 16271 a prime number?
False
Is 1270079 a composite number?
False
Is 4721 composite?
False
Is 437381 prime?
False
Is 3651815 a composite number?
True
Is 182327 a prime number?
False
Is 463049 a composite number?
True
Is 109651 a composite number?
True
Is 12379 a prime number?
True
Is 1083515 composite?
True
Is 1017026 prime?
False
Is 184559 prime?
True
Is 27403 a prime number?
False
Is 1663 a composite number?
False
Is 1343 a composite number?
True
Is 5053 composite?
True
Is 18987 a prime number?
False
Is 249797 prime?
True
Is 341771 a prime number?
True
Is 128047 a prime number?
True
Is 5273 composite?
False
Is 11801 a prime number?
True
Is 369097 a prime number?
True
Is 1202107 prime?
True
Is 3683 prime?
False
Is 22711 a prime number?
False
Is 123689 a prime number?
False
Is 25481 prime?
False
Is 98953 composite?
False
Is 114113 a prime number?
True
Is 281057 a prime number?
False
Is 371687 a prime number?
False
Is 109601 composite?
True
Is 2570149 a composite number?
True
Is 12449 prime?
False
Is 2981 composite?
True
Is 806231 a composite number?
True
Is 14513 composite?
True
Is 361943 prime?
True
Is 36251 a composite number?
False
Is 8197 a composite number?
True
Is 131797 composite?
False
Is 1208927 prime?
True
Is 630623 a prime number?
False
Is 22613 composite?
False
Is 2833 a composite number?
False
Is 45519 prime?
False
Is 422537 a prime number?
True
Is 32837 composite?
True
Is 21877 composite?
True
Is 7561 a prime number?
True
Is 482219 composite?
True
Is 62113 a prime number?
False
Is 907 composite?
False
Is 1441 prime?
False
Is 27479 a prime number?
True
Is 375923 prime?
True
Is 955 prime?
False
Is 409043 composite?
False
Is 148331 composite?
False
Is 1095007 a composite number?
True
Is 91893 prime?
False
Is 176081 prime?
True
Is 8111 a prime number?
True
Is 5923 prime?
True
Is 391331 a prime number?
True
Is 56819 a composite number?
True
Is 2626901 a composite number?
False
Is 708742 composite?
True
Is 136831 composite?
True
Is 326167 prime?
False
Is 211417 a composite number?
True
Is 16501 composite?
True
Is 12991 composite?
True
Is 2899 prime?
False
Is 572683 composite?
False
Is 2509 a composite number?
True
Is 357421 prime?
True
Is 138727 prime?
True
Is 21269 prime?
True
Is 8803 a composite number?
False
Is 81145 prime?
False
Is 15545 composite?
True
Is 1073 a prime number?
False
Is 68777 composite?
False
Is 3163 composite?
False
Is 1226959 prime?
True
Is 1121423 composite?
False
Is 41073 composite?
True
Is 719 a prime number?
True
Is 72811 a composite number?
True
Is 126709 a composite number?
True
Is 395513 a composite number?
False
Is 7663 a prime number?
False
Is 261631 composite?
False
Is 968251 prime?
True
Is 101131 a prime number?
False
Is 187313 a prime number?
False
Is 2161 composite?
False
Is 234521 a prime number?
False
Is 11185 prime?
False
Is 473 a prime number?
False
Is 863 a prime number?
True
Is 419 a prime number?
True
Is 36151 a composite number?
False
Is 21269 a prime number?
True
Is 7493 a composite number?
True
Is 874781 composite?
True
Is 144829 prime?
True
Is 37865 prime?
False
Is 3799 a composite number?
True
Is 78259 composite?
False
Is 25561 prime?
True
Is 4939 a prime number?
False
Is 69061 prime?
True
Is 329617 composite?
False
Is 235367 a prime number?
False
Is 12219 a prime number?
False
Is 19001 a prime number?
True
Is 737 a prime number?
False
Is 11887 prime?
True
Is 14617 a prime number?
False
Is 3743 a composite number?
True
Is 587573 a composite number?
True
Is 176647 a composite number?
True
Is 1735 a prime number?
False
Is 44771 a prime number?
True
Is 1723 prime?
True
Is 10109 a composite number?
True
Is 198719 a composite number?
False
Is 104729 prime?
True
Is 867593 a composite number?
True
Is 14519 prime?
True
Is 46741 a prime number?
False
Is 427681 a composite number?
False
Is 14939 prime?
True
Is 1520319 a composite number?
True
Is 48071 composite?
True
Is 2533 a composite number?
True
Is 88405 a composite number?
True
Is 164051 composite?
False
Is 618767 a prime number?
False
Is 10841 a prime number?
False
Is 1596781 composite?
False
Is 143093 a composite number?
False
Is 73891 a prime number?
False
Is 661939 a prime number?
True
Is 348149 prime?
True
Is 3706009 a composite number?
False
Is 855821 a prime number?
True
Is 479311 prime?
False
Is 4821 composite?
True
Is 3359 a composite number?
False
Is 23981 a composite number?
False
Is 754573 a prime number?
True
Is 3458903 a composite number?
True
Is 112967 composite?
False
Is 2333 a prime number?
True
Is 10207 prime?
False
Is 818053 composite?
True
Is 376841 a prime number?
True
Is 667 a prime number?
False
Is 962191 prime?
False
Is 396143 prime?
False
Is 6145 a prime number?
False
Is 42037 composite?
True
Is 382 a composite number?
True
Is 58715 a prime number?
False
Is 436717 prime?
True
Is 193299 a composite number?
True
Is 1561 a prime number?
False
Is 12365 a composite number?
True
Is 148891 prime?
True
Is 213119 prime?
True
Is 14983 a composite number?
False
Is 15869 composite?
True
Is 44417 a composite number?
False
Is 10499 a prime number?
True
Is 94033 a prime number?
True
Is 1499 a prime number?
True
Is 190159 a composite number?
False
Is 10729 composite?
False
Is 236603 prime?
False
Is 2507 a prime number?
False
Is 1597 composite?
False
Is 37033 prime?
False
Is 714233 a composite number?
True
Is 25559 prime?
False
Is 3791 composite?
True
Is 412537 a prime number?
True
Is 19957 a prime number?
False
Is 3147 composite?
True
Is 173361 a prime number?
False
Is 289 prime?
False
Is 1759 composite?
False
Is 17769 prime?
False
Is 495395 a prime number?
False
Is 151941 a prime number?
False
Is 63022 a composite number?
True
Is 7619 a prime number?
False
Is 105071 composite?
False
Is 58861 composite?
True
Is 743 prime?
True
Is 24329 composite?
False
Is 10301 prime?
True
Is 216467 a prime number?
False
Is 29177 a composite number?
True
Is 7561 prime?
True
Is 117097 prime?
False
Is 223633 composite?
False
Is 249791 composite?
True
Is 1539763 a prime number?
True
Is 84613 a composite number?
True
Is 1251469 prime?
False
Is 25859 a prime number?
False
Is 7067 prime?
False
Is 63233 composite?
True
Is 98949 a composite number?
True
Is 6469 prime?
True
Is 27479 prime?
True
Is 40747 prime?
False
Is 32869 composite?
False
Is 302903 a composite number?
False
Is 18595 composite?
True
Is 554259 a composite number?
True
Is 243995 a composite number?
True
Is 74131 a prime number?
True
Is 52315 a prime number?
False
Is 276119 a composite number?
True
Is 78159 prime?
False
Is 43391 a composite number?
False
Is 5077 composite?
False
Is 629 composite?
True
Is 2024861 a prime number?
True
Is 45599 composite?
False
Is 816755 a composite number?
True
Is 11829 a composite number?
True
Is 44437 prime?
False
Is 3011 a composite number?
False
Is 18489 a prime number?
False
Is 966293 a prime number?
True
Is 20329 prime?
False
Is 257783 a composite number?
False
Is 1094669 prime?
True
Is 25043 composite?
True
Is 1517 a composite number?
True
Is 19347 a prime number?
False
Is 1217 composite?
False
Is 44839 a prime number?
True
Is 34217 a composite number?
False
Is 232373 prime?
False
Is 8419 prime?
True
Is 152687 a prime number?
False
Is 42737 composite?
False
Is 1031 prime?
True
Is 58385 composite?
True
Is 238047 prime?
False
Is 7009 prime?
False
Is 460823 a composite number?
True
Is 7510969 a prime number?
True
Is 57457 a composite number?
False
Is 566117 composite?
True
Is 181819 prime?
False
Is 119539 a prime number?
False
Is 159373 prime?
False
Is 76903 prime?
False
Is 46394 prime?
False
Is 1033141 a composite number?
True
Is 1525519 composite?
True
Is 102761 prime?
True
Is 137894 a composite number?
True
Is 877783 a composite number?
False
Is 1828055 a composite number?
True
Is 28673 composite?
True
Is 89223 a composite number?
True
Is 314827 composite?
False
Is 12227 a composite number?
False
Is 7891 comp